are the prime factors of 507043209?
3, 53, 3188951
List the prime factors of 529300092.
2, 3, 59, 747599
List the prime factors of 141185469.
3, 43, 1094461
What are the prime factors of 674944152?
2, 3, 31, 907183
List the prime factors of 173850772.
2, 17, 97, 26357
What are the prime factors of 42938955?
3, 5, 19, 50221
List the prime factors of 292292686.
2, 7, 20878049
What are the prime factors of 36973826?
2, 113, 163601
What are the prime factors of 749781442?
2, 71, 113, 46727
What are the prime factors of 1906683437?
1906683437
List the prime factors of 270873562.
2, 853, 158777
List the prime factors of 122463804.
2, 3, 199, 51283
List the prime factors of 129269949.
3, 311, 349, 397
List the prime factors of 252054711.
3, 28006079
What are the prime factors of 8776625?
5, 11, 13, 491
What are the prime factors of 66068709?
3, 7, 509, 883
List the prime factors of 776675529.
3, 7, 1761169
List the prime factors of 767538150.
2, 3, 5, 5116921
What are the prime factors of 4305739858?
2, 7, 67, 181, 3623
List the prime factors of 1923975790.
2, 5, 11, 53, 523, 631
List the prime factors of 4943531432.
2, 7, 88277347
List the prime factors of 386476930.
2, 5, 7, 5521099
What are the prime factors of 1372393498?
2, 7, 31, 1163, 2719
What are the prime factors of 37079789?
59, 157, 4003
List the prime factors of 625124430.
2, 3, 5, 7, 89, 11149
List the prime factors of 1637842924.
2, 61, 6712471
List the prime factors of 794133595.
5, 19, 197, 42433
What are the prime factors of 135405831?
3, 11, 53, 77419
What are the prime factors of 2093758385?
5, 29, 14439713
List the prime factors of 3182398688.
2, 7, 151, 13441
What are the prime factors of 89335019?
3917, 22807
List the prime factors of 116985861.
3, 61, 409, 521
What are the prime factors of 212932615?
5, 7, 6083789
What are the prime factors of 30458700?
2, 3, 5, 29, 389
List the prime factors of 123863391.
3, 4587533
List the prime factors of 401329754.
2, 7, 2819, 10169
List the prime factors of 335894215.
5, 151, 444893
List the prime factors of 516288825.
3, 5, 13, 176509
List the prime factors of 63842365.
5, 23, 24137
What are the prime factors of 3364605302?
2, 251, 1367, 4903
List the prime factors of 191414539.
12889, 14851
List the prime factors of 633356837.
53, 11950129
What are the prime factors of 7136715250?
2, 5, 7, 83227
What are the prime factors of 493541489?
7, 83, 307, 2767
What are the prime factors of 437376833?
17, 25728049
What are the prime factors of 2837107458?
2, 3, 17, 709, 1453
What are the prime factors of 120781689?
3, 7, 19, 302711
List the prime factors of 259757171.
259757171
List the prime factors of 321779091.
3, 67, 1600891
List the prime factors of 674647740.
2, 3, 5, 13, 229, 1259
List the prime factors of 56194826.
2, 17, 1652789
List the prime factors of 282923737.
19, 14890723
What are the prime factors of 6713768958?
2, 3, 13, 53, 1624037
List the prime factors of 1836854572.
2, 7, 9371707
What are the prime factors of 63822653?
19, 53, 61, 1039
What are the prime factors of 49821142?
2, 7, 263, 1933
List the prime factors of 5440098501.
3, 604455389
List the prime factors of 2166049405.
5, 13, 33323837
What are the prime factors of 4047174064?
2, 252948379
List the prime factors of 968316367.
23417, 41351
What are the prime factors of 948072540?
2, 3, 5, 15801209
List the prime factors of 2825274963.
3, 7, 61, 1087, 2029
What are the prime factors of 122335624?
2, 97, 157649
What are the prime factors of 928934023?
1627, 570949
What are the prime factors of 2893115664?
2, 3, 53, 126359
List the prime factors of 95683520.
2, 5, 299011
What are the prime factors of 60517068?
2, 3, 307, 16427
List the prime factors of 18313849.
18313849
List the prime factors of 1991579440.
2, 5, 24894743
What are the prime factors of 197438440?
2, 5, 23, 214607
What are the prime factors of 22638393?
3, 838459
List the prime factors of 3851499713.
83, 677, 68543
What are the prime factors of 106235764?
2, 19, 1397839
What are the prime factors of 173474601?
3, 1399, 41333
List the prime factors of 6391701339.
3, 59, 127, 284341
List the prime factors of 234045311.
234045311
What are the prime factors of 1371254574?
2, 3, 228542429
What are the prime factors of 193367447?
7, 13, 29, 47, 1559
List the prime factors of 58019334.
2, 3, 17, 151, 3767
What are the prime factors of 269452204?
2, 7, 37, 260089
List the prime factors of 109769036.
2, 13, 919, 2297
List the prime factors of 301357314.
2, 3, 109, 51199
What are the prime factors of 937359384?
2, 3, 13, 41, 73277
List the prime factors of 15320329.
149, 229, 449
What are the prime factors of 253311500?
2, 5, 13, 38971
List the prime factors of 1681805041.
7, 240257863
List the prime factors of 41878814.
2, 23, 1721
List the prime factors of 1736722959.
3, 83, 6974791
List the prime factors of 532687408.
2, 11, 3026633
List the prime factors of 11052982.
2, 113, 48907
What are the prime factors of 5189547392?
2, 4013, 10103
List the prime factors of 589147338.
2, 3, 13, 151, 50021
List the prime factors of 766980514.
2, 383490257
List the prime factors of 3785918362.
2, 1892959181
List the prime factors of 4144626024.
2, 3, 7, 11, 2242763
What are the prime factors of 39641573?
2083, 19031
What are the prime factors of 141509247?
3, 11, 4288159
List the prime factors of 5074031.
127, 39953
List the prime factors of 4345153971.
3, 79, 18333983
List the prime factors of 222541395.
3, 5, 19, 263, 2969
What are the prime factors of 66324628?
2, 839, 19763
What are the prime factors of 518770197?
3, 11, 158791
List the prime factors of 60167949.
3, 349, 57467
List the prime factors of 4178308872.
2, 3, 174096203
List the prime factors of 29673167.
103, 288089
What are the prime factors of 578950413?
3, 4817, 40063
What are the prime factors of 45977437?
11, 23, 181729
List the prime factors of 788931614.
2, 17, 449, 51679
List the prime factors of 91135075.
5, 67, 54409
List the prime factors of 507703184.
2, 31731449
List the prime factors of 93881788.
2, 7, 11, 13, 23447
What are the prime factors of 786287408?
2, 191, 257293
What are the prime factors of 2521100153?
11, 13, 17, 443, 2341
What are the prime factors of 89752882?
2, 44876441
What are the prime factors of 2637848198?
2, 20269, 65071
List the prime factors of 16349652.
2, 3, 11, 19, 41, 53
What are the prime factors of 100815650?
2, 5, 13, 43, 3607
List the prime factors of 79845091.
29, 2753279
What are the prime factors of 6306944?
2, 7, 7039
What are the prime factors of 82331999?
6857, 12007
What are the prime factors of 581921305?
5, 7, 17, 31, 4507
List the prime factors of 328953020.
2, 5, 11, 181, 751
List the prime factors of 724251810.
2, 3, 5, 101, 239027
What are the prime factors of 43798475?
5, 7, 353, 709
What are the prime factors of 64588062?
2, 3, 7, 11, 139801
List the prime factors of 5032835139.
3, 181, 9268573
What are the prime factors of 5625201809?
5625201809
What are the prime factors of 24317986?
2, 7, 11, 19, 8311
What are the prime factors of 15951605?
5, 109, 29269
What are the prime factors of 1055753546?
2, 31, 587, 29009
What are the prime factors of 7317864?
2, 3, 23, 491
What are the prime factors of 90600976?
2, 5662561
List the prime factors of 309821053.
14419, 21487
What are the prime factors of 1488066?
2, 3, 37, 6703
List the prime factors of 230946378.
2, 3, 13, 37, 43, 1861
List the prime factors of 436535323.
7, 41, 1521029
List the prime factors of 26792854.
2, 11, 109, 11173
What are the prime factors of 33551531?
13, 2580887
What are the prime factors of 54439183?
23, 1499, 1579
List the prime factors of 5774735.
5, 1154947
List the prime factors of 64348088.
2, 7, 107, 10739
What are the prime factors of 147841322?
2, 73920661
List the prime factors of 584694963.
3, 2791, 7759
What are the prime factors of 6002587040?
2, 5, 29, 31, 1439
List the prime factors of 1527187816.
2, 7, 11, 67, 37003
List the prime factors of 213414106.
2, 31, 3442163
What are the prime factors of 427199164?
2, 7, 15257113
List the prime factors of 189471973.
189471973
What are the prime factors of 63380838?
2, 3, 10563473
List the prime factors of 810853051.
810853051
List the prime factors of 705193602.
2, 